?
False
Suppose i + 880 = -3*i. Let h = -71 - i. Is h composite?
False
Is (6/18)/((-5312)/(-1770) + -3) composite?
True
Suppose 8*i - 9*i + 383 = 0. Let n = i + -10. Is n a composite number?
False
Suppose 3*v = 2*o + 973 + 363, 2233 = 5*v + 3*o. Is v a composite number?
True
Let k(y) = y**2 - 7*y - 1. Let p(z) = -z**2 - z. Let r be p(-3). Is k(r) composite?
True
Suppose 0 = 2*s - 6*s + 12. Suppose 0*i = -3*i - s. Is (2/(-2))/(i/89) prime?
True
Suppose -u - 484 = 4*o - 2643, 2*u - 1613 = -3*o. Is o composite?
False
Let c(j) be the first derivative of -47*j**2/2 - 3*j - 1. Let o be c(-2). Let l = o - 6. Is l prime?
False
Let j = 29 - 16. Is j a composite number?
False
Let i(z) = z + 2. Suppose 4*r + 0*r = 12. Let w be i(r). Let q = w + 62. Is q prime?
True
Let r = -114 + 197. Is r prime?
True
Let g(i) = -i + 2*i**3 + 27 - i**3 - 4. Is g(0) composite?
False
Let f be 2/(-3)*(-6)/(-1). Suppose 3*k = -2*k + 10. Is (18/f)/(k/(-4)) prime?
False
Suppose 5*g = -3*y + 2794, 0*g + 2*g - 5*y - 1099 = 0. Is g composite?
False
Let z(h) = 5*h. Let w(i) = -i - 1. Let b be w(1). Let d be z(b). Let r(l) = l**2 + 8*l - 11. Is r(d) a prime number?
False
Let k(h) = -5*h - 3*h - 1 + 0*h. Is k(-2) a prime number?
False
Let b be -2*52/12*-3. Let v = 57 - b. Is v a composite number?
False
Let n be 84/(-2)*(-10)/6. Let x be (n/15)/((-2)/(-21)). Let h = -18 + x. Is h prime?
True
Let m(a) = a**2 - 4*a - 2. Let g be m(5). Let t be -1 - (2 + 1 - g). Is 53 + -1*(t + 1) composite?
False
Let q = 197 + -280. Suppose 3*j = -2*k - 480, 3*k = 3*j - 2*k + 501. Let z = q - j. Is z a composite number?
False
Let o = 12 - 10. Let b be 207 + o - 0/2. Let t = b - 122. Is t prime?
False
Let x(s) = 24*s**2 + 6*s - 11. Is x(-14) a prime number?
False
Let d(s) = -8*s. Let j be d(-1). Suppose j = -3*a + 275. Is a prime?
True
Let h = 109 + -30. Suppose 5*z - h = 106. Is z prime?
True
Suppose 7*y = 4*y + 3*b, -5*b = -15. Suppose 2*r = -r - y. Is (330/(-12))/(r/2) a composite number?
True
Let d(u) = -u**3 + 2*u**2 + 3*u + 2. Let z be d(3). Suppose -3*p + 737 = -5*l, -p + 6*p - z*l - 1203 = 0. Is p prime?
True
Is ((-2)/4)/((-3)/4926) a prime number?
True
Let s(z) = -2*z + 13. Let g be s(6). Let v = g - -76. Is v a composite number?
True
Let h(f) = -2*f**3 - 5*f**2 - 8*f + 1. Is h(-8) a composite number?
False
Let u(n) = -n**3 - n**2 + 3*n + 1. Let z be u(-3). Suppose 2*v + z = 4*v. Suppose 2*w + 5*d - 12 = 0, -w + v*d = -10 - 11. Is w composite?
False
Let p = 146 + -109. Is p a prime number?
True
Suppose 242 = -2*r + 712. Is -3 + r + 1 + 2 a prime number?
False
Let l(x) = -13*x - 3. Is l(-5) a prime number?
False
Suppose -2*y - 2*c = -16, y - 5*c = -3*y + 23. Suppose o - 27 = y. Let s = o + -3. Is s prime?
True
Let m(a) = a - 2. Let u be m(2). Let v(k) = k + 50. Let x be v(u). Suppose -i - x + 137 = 0. Is i a composite number?
True
Suppose 2*o = -2*o + 2*z + 870, -3*o - 5*z + 659 = 0. Suppose -2*q - 3*l + 313 - 27 = 0, q + 5*l = 136. Suppose -o = -4*y + q. Is y a composite number?
True
Is ((-4)/6)/((-2)/1443) a prime number?
False
Let h(p) = -40*p - 13. Is h(-17) composite?
True
Suppose 3*b = 5*i - 7 - 1, -2*b = 3*i - 20. Suppose 0 = b*u + r + 3*r - 852, 4*r - 16 = 0. Is u a composite number?
True
Let m(z) = 30*z**3 + 6*z**2 - 4*z + 4. Let b be m(4). Suppose 681 = 5*h - b. Suppose -5*n - 4*w = -h, 4*w - 176 = 3*n - 511. Is n a composite number?
False
Suppose 4*f - 8750 = -2*x, 2*f = -5*x + 4*f + 21827. Is x prime?
False
Suppose 5*t - 5*u + 30 = 0, -3*t + 7*t - 3*u + 20 = 0. Let k be (0 + 0)/(0 + t). Is (-50)/(-2 + k)*1 composite?
True
Let c(g) be the third derivative of g**4/4 + 3*g**2. Let v be c(-1). Is 2/v*0 + 115 prime?
False
Let v(t) = -t**3 - t**2 + 7*t + 1. Let w = 4 - 10. Is v(w) a prime number?
True
Let k = 12 + 212. Suppose 4*u + k = 732. Is u composite?
False
Let x(b) = 0 - 3*b - 1 + 2. Is x(-6) a prime number?
True
Let l(j) = -j**3 - 5*j**2 - 5*j - 2. Let r be l(-4). Suppose r*o - 741 = -o. Is o prime?
False
Is (12/48)/(1/764) composite?
False
Let l(v) = 10*v. Let o be l(1). Suppose 0*d + 2*d - o = 0. Suppose -10 = d*z, 0*s = -2*s + 5*z + 188. Is s a composite number?
False
Let o(b) = b**3 + 3*b**2 + 1. Let i be o(-3). Suppose l - 6 - i = 0. Let c = l + 2. Is c a prime number?
False
Suppose 4 = -p - 3*k, -3*p - 24 = 4*k - k. Let j(b) = -b**2 - 13*b + 1. Is j(p) a prime number?
True
Let o(z) = -z**3 + z**2 + z + 2. Let r be o(2). Let w = -4 + 6. Suppose 3*x - w*m = 284, r*x - 5*m = 3*x - 277. Is x prime?
False
Suppose 0 = 5*d + 5*n - 370, -6*n - 25 = -n. Is d a prime number?
True
Let b(t) = -t**2 + 8*t. Let p be b(6). Let d be (12/(-9))/(-4)*p. Suppose -m - d*m + 215 = 0. Is m composite?
False
Let d(h) = -3*h + 6*h**3 - h**2 + 0*h**2 + 1 + 0*h**2. Suppose 5*l = -4*t - 10, 5*t = -2*l + 4*t - 1. Is d(l) composite?
True
Let u = -929 + 2178. Is u a prime number?
True
Let s(a) = a**3 - 6*a**2 + 9*a - 6. Let c be s(6). Suppose h + 5*x + 6 = 0, 0*h + x + c = 5*h. Suppose -h = -t + 40. Is t a composite number?
True
Let v(s) = -162*s**3 + 7*s**2 - 3. Let y(d) = 108*d**3 - 5*d**2 + 2. Let o(x) = 5*v(x) + 7*y(x). Is o(-1) composite?
False
Let i(b) = b**2 + 7*b + 4. Let k be i(-7). Suppose -k*f + 120 = -f. Let t = -27 + f. Is t prime?
True
Is ((-2)/6)/(2/(-1578)) prime?
True
Let f(h) = 10*h. Let v = -4 - -8. Let t be f(v). Let o = t - 21. Is o composite?
False
Suppose -6*y = -5*y - 182. Let h = 309 - y. Is h prime?
True
Let b = -483 + 1097. Is (b/(-8))/1*-4 a composite number?
False
Let h(q) = 9*q**2 - 12*q - 11. Is h(-10) composite?
False
Let p = 1265 + -478. Is p composite?
False
Suppose -3*v = -2*g + 16216, -v = 3*g - 3*v - 24329. Is g a composite number?
False
Let m(n) = -59*n + 15. Is m(-17) prime?
False
Let r(c) = 27*c**2 + 4*c - 1. Is r(3) a composite number?
True
Suppose 4*a - 27 = 1. Let o = 300 - a. Let i = o - 208. Is i a composite number?
True
Suppose 5*a - 4 = -19. Let y(j) = 0*j + 2 - 2*j**3 + 2*j - j**2 - 4. Is y(a) a composite number?
False
Let q be (141/(-2))/((-1)/2). Suppose 3*a = -3*v, -2*a + 3*v - 5 = -6*a. Suppose a*d - q = 4*d. Is d a composite number?
True
Suppose 5*p + 2*u + u - 46 = 0, -p + 2*u = -4. Suppose -p - 6 = f. Let v = f - -35. Is v prime?
False
Suppose -4*t + 112 + 176 = 0. Suppose -2*d + 106 = 2*u, 0*u = 3*d - 3*u - 189. Suppose -2*z + z + d = 4*j, 5*j - t = -z. Is j a prime number?
False
Suppose 0*b - 4*b = -32. Let t(c) = -c + b + 6*c**2 - 6 - c**3 - c**2 - 2*c. Is t(4) prime?
False
Let o = -3 - -6. Is ((-2)/o)/((-4)/762) a composite number?
False
Let g be 3 + (-2 - 1) - 0. Suppose u - 4*u - 951 = g. Let n = -100 - u. Is n prime?
False
Let q(i) = -i. Let v be q(4). Let a(o) = -43*o - 2. Let t be a(v). Suppose 0 = -2*c + p + t, -c - 3*c + 5*p = -340. Is c a composite number?
True
Let k(v) = -102*v - 11. Is k(-9) a composite number?
False
Let z(h) = h**3 + 5*h**2 + h + 6. Let o be z(-5). Is -1*(o - -1) - -35 composite?
True
Suppose 3*m + 173 = 2258. Is m a prime number?
False
Let s(v) = -1 + 39*v - 2 + 6. Is s(6) a composite number?
True
Let w be (-1 - -2)/(2/8). Suppose -5*g + w*g = 5*x + 10, -4*x = -4*g + 8. Suppose 2*o + 8 = g, 3*i + 0*i - 107 = -o. Is i a prime number?
True
Let m be -1*(0 - (5 - 2)). Suppose 0 = 3*x - x - m*o - 58, 3*x = -o + 109. Is x a prime number?
False
Suppose -2*h - 10 = 0, 2*v + h - 124 - 23 = 0. Let p = 41 - v. Let k = -2 - p. Is k a prime number?
False
Let y = 13 + 80. Is y composite?
True
Let h be 0 - 1 - -2 - -2. Suppose -h*a = a + 160. Is -1 - (a - 6/(-3)) prime?
True
Let d be (-6)/(-45) - 58/(-15). Suppose 4*x = 27 - 11. Suppose 4*v - 486 = r - x*r, -r + 490 = d*v. Is v a prime number?
False
Let g = -36 + 295. Is g composite?
True
Let c(l) = l**3 + 11*l**2 + 8. Let i be c(-11). Suppose 2 = -2*o + i. Is o composite?
False
Let m(o) = o - 1. Let x be m(-2). Let p = x + 5. Suppose -b = -0*b - p. Is b prime?
True
Let c = 4 - 1. Suppose -382 = c*u - 5*u. Is u a prime number?
True
Let u = -147 - -312. Suppose -d + u = 2*d. Is d a composite number?
True
Suppose -290 = -4*s - 5*g - 0*g, -2*g + 371 = 5*s. Suppose 10*h - 5*h - s = 0. Is h composite?
True
Let x = 655 - 189. Is x composite?
True
Suppose m = 5*o + 820, -3*m + m = 2*o - 1688. Suppose -4*l - m = -4*v, 3*l + 195 = 5*v - 857. Is v prime?
True
Let a = 2664 - 733. Is a compos